t the prime factors of 233341.
233341
List the prime factors of 2157888.
2, 3, 11239
List the prime factors of 112240.
2, 5, 23, 61
List the prime factors of 295741.
37, 7993
What are the prime factors of 3586729?
3586729
List the prime factors of 1150760.
2, 5, 13, 2213
What are the prime factors of 20947924?
2, 5236981
List the prime factors of 1617655.
5, 13, 41, 607
What are the prime factors of 28410?
2, 3, 5, 947
What are the prime factors of 134886?
2, 3, 22481
What are the prime factors of 228102?
2, 3, 7, 5431
List the prime factors of 642307.
53, 12119
What are the prime factors of 877813?
277, 3169
List the prime factors of 5065888.
2, 23, 6883
List the prime factors of 1804182.
2, 3, 389, 773
What are the prime factors of 5197286?
2, 53, 49031
List the prime factors of 88861.
88861
What are the prime factors of 65136?
2, 3, 23, 59
What are the prime factors of 812384?
2, 53, 479
What are the prime factors of 143022?
2, 3, 11, 197
What are the prime factors of 3123185?
5, 13, 48049
List the prime factors of 78219.
3, 2897
List the prime factors of 6852358.
2, 67, 51137
List the prime factors of 3415639.
1487, 2297
List the prime factors of 320881.
11, 31, 941
What are the prime factors of 570278?
2, 285139
List the prime factors of 126908.
2, 31727
List the prime factors of 25193430.
2, 3, 5, 19, 1637
What are the prime factors of 117692?
2, 29423
List the prime factors of 355478.
2, 177739
List the prime factors of 10944563.
7, 37, 42257
List the prime factors of 7104725.
5, 17, 73, 229
List the prime factors of 17620515.
3, 5, 11, 35597
List the prime factors of 1587524.
2, 396881
List the prime factors of 23414154.
2, 3, 131, 29789
What are the prime factors of 5743887?
3, 239, 8011
List the prime factors of 119095.
5, 23819
List the prime factors of 1867134.
2, 3, 311189
List the prime factors of 2080414.
2, 7, 181, 821
What are the prime factors of 2362002?
2, 3, 393667
List the prime factors of 285354.
2, 3, 83, 191
List the prime factors of 2215614.
2, 3, 369269
What are the prime factors of 320493?
3, 47, 2273
List the prime factors of 684221.
684221
List the prime factors of 84732.
2, 3, 23, 307
What are the prime factors of 2576505?
3, 5, 29, 5923
What are the prime factors of 31196832?
2, 3, 23, 71, 199
List the prime factors of 304597.
304597
List the prime factors of 278483.
19, 14657
List the prime factors of 9503580.
2, 3, 5, 158393
List the prime factors of 1972452.
2, 3, 164371
List the prime factors of 1632089.
997, 1637
List the prime factors of 20923.
7, 61
What are the prime factors of 17829420?
2, 3, 5, 7, 42451
List the prime factors of 2788389.
3, 491, 631
What are the prime factors of 133912?
2, 19, 881
What are the prime factors of 6407226?
2, 3, 7, 211, 241
List the prime factors of 21074462.
2, 251, 41981
What are the prime factors of 118304?
2, 3697
List the prime factors of 19360516.
2, 7, 29, 113, 211
What are the prime factors of 4410616?
2, 7, 17, 41, 113
List the prime factors of 11328769.
19, 596251
What are the prime factors of 8321012?
2, 7, 19, 15641
List the prime factors of 1858116.
2, 3, 13, 43, 277
What are the prime factors of 76175?
5, 11, 277
List the prime factors of 16141064.
2, 1171, 1723
What are the prime factors of 11869726?
2, 11, 539533
What are the prime factors of 7080993?
3, 17, 15427
List the prime factors of 11059136.
2, 11, 23, 683
List the prime factors of 2949003.
3, 327667
List the prime factors of 549633.
3, 7, 3739
List the prime factors of 1473603.
3, 491201
List the prime factors of 7407576.
2, 3, 11, 47, 199
List the prime factors of 563114.
2, 281557
What are the prime factors of 182438?
2, 19, 4801
List the prime factors of 368257.
61, 6037
What are the prime factors of 105940?
2, 5, 5297
List the prime factors of 281175.
3, 5, 23, 163
List the prime factors of 703115.
5, 7, 20089
List the prime factors of 3302427.
3, 41, 26849
List the prime factors of 16210746.
2, 3, 317, 947
What are the prime factors of 2245578?
2, 3, 31, 12073
What are the prime factors of 2311338?
2, 3, 385223
What are the prime factors of 2892425?
5, 127, 911
What are the prime factors of 3386215?
5, 7, 96749
List the prime factors of 1146495.
3, 5, 7, 61, 179
List the prime factors of 566612.
2, 141653
What are the prime factors of 2817443?
2817443
What are the prime factors of 141727?
239, 593
List the prime factors of 18266.
2, 9133
What are the prime factors of 387113?
23, 16831
What are the prime factors of 1538907?
3, 23, 22303
What are the prime factors of 234145?
5, 46829
What are the prime factors of 1356610?
2, 5, 135661
List the prime factors of 181465.
5, 36293
List the prime factors of 6574563.
3, 17, 97, 443
List the prime factors of 3028721.
3028721
List the prime factors of 227000.
2, 5, 227
What are the prime factors of 265472?
2, 17, 61
What are the prime factors of 889982?
2, 479, 929
List the prime factors of 10516838.
2, 5258419
What are the prime factors of 1742661?
3, 19, 43, 79
What are the prime factors of 12554733?
3, 41, 102071
List the prime factors of 175119.
3, 7, 31, 269
List the prime factors of 11391022.
2, 1223, 4657
What are the prime factors of 6803144?
2, 850393
What are the prime factors of 5457121?
61, 137, 653
What are the prime factors of 121656?
2, 3, 37, 137
List the prime factors of 1276256.
2, 39883
List the prime factors of 294164.
2, 13, 5657
What are the prime factors of 184716?
2, 3, 7, 733
List the prime factors of 3242864.
2, 202679
What are the prime factors of 2810147?
2810147
What are the prime factors of 1381520?
2, 5, 7, 2467
List the prime factors of 6034442.
2, 479, 6299
List the prime factors of 384955.
5, 76991
What are the prime factors of 569227?
23, 24749
What are the prime factors of 2952793?
2952793
List the prime factors of 847005.
3, 5, 56467
What are the prime factors of 1438993?
1438993
List the prime factors of 1537259.
17, 31, 2917
What are the prime factors of 1253653?
373, 3361
What are the prime factors of 973074?
2, 3, 127, 1277
What are the prime factors of 21786443?
7, 139, 22391
What are the prime factors of 151359?
3, 13, 3881
What are the prime factors of 66519?
3, 19, 389
List the prime factors of 10598014.
2, 7, 2207
List the prime factors of 4593184.
2, 143537
List the prime factors of 5896586.
2, 17, 173429
What are the prime factors of 53347?
7, 7621
List the prime factors of 472919.
53, 8923
What are the prime factors of 11055144?
2, 3, 599, 769
List the prime factors of 120916.
2, 19, 37, 43
List the prime factors of 22844224.
2, 13, 27457
What are the prime factors of 231817?
23, 10079
What are the prime factors of 1656451?
29, 57119
What are the prime factors of 583623?
3, 19, 3413
List the prime factors of 1071655.
5, 13, 16487
What are the prime factors of 3786563?
11, 17, 20249
List the prime factors of 24034935.
3, 5, 577, 2777
List the prime factors of 428045.
5, 59, 1451
List the prime factors of 1923597.
3, 13, 41, 401
List the prime factors of 70968.
2, 3, 2957
What are the prime factors of 33131730?
2, 3, 5, 23, 48017
What are the prime factors of 2119895?
5, 359, 1181
What are the prime factors of 502265?
5, 17, 19, 311
List the prime factors of 35061.
3, 13, 29, 31
List the prime factors of 3689311.
3689311
List the prime factors of 5695713.
3, 632857
List the prime factors of 255358.
2, 127679
List the prime factors of 173456.
2, 37, 293
What are the prime factors of 159231?
3, 53077
List the prime factors of 1647264.
2, 3, 17159
What are the prime factors of 612493?
7, 17, 5147
List the prime factors of 3711120.
2, 3, 5, 7, 47
List the prime factors of 465042.
2, 3, 179, 433
What are the prime factors of 4915569?
3, 101, 16223
What are the prime factors of 329583?
3, 61, 1801
List the prime factors of 72142.
2, 7, 5153
List the prime factors of 1324776.
2, 3, 17, 191
List the prime factors of 5065564.
2, 7, 113, 1601
List the prime factors of 3844652.
2, 7, 17, 41, 197
List the prime factors of 476111.
476111
What are the prime factors of 307318?
2, 11, 61, 229
List the prime factors of 9923.
9923
List the prime factors of 7827741.
3, 523, 1663
List the prime factors of 1178567.
13, 90659
List the prime factors of 356342.
2, 7, 25453
What are the prime factors of 1753824?
2, 3, 18269
Wh